{"id":2589,"date":"2013-09-27T14:52:01","date_gmt":"2013-09-27T14:52:01","guid":{"rendered":"https:\/\/medicoweb.com\/main\/?page_id=2589"},"modified":"2020-02-19T17:44:10","modified_gmt":"2020-02-19T16:44:10","slug":"tvi-analyzer","status":"publish","type":"page","link":"https:\/\/medicoweb.com\/main\/tvi-analyzer\/","title":{"rendered":"TVI Analyzer"},"content":{"rendered":"<p><img loading=\"lazy\" decoding=\"async\" class=\"alignleft size-full wp-image-2590\" src=\"https:\/\/medicoweb.com\/main\/wp-content\/uploads\/banner_tvi_analyzer.jpg\" alt=\"banner_tvi_analyzer\" width=\"644\" height=\"193\" srcset=\"https:\/\/medicoweb.com\/main\/wp-content\/uploads\/banner_tvi_analyzer.jpg 644w, https:\/\/medicoweb.com\/main\/wp-content\/uploads\/banner_tvi_analyzer-300x90.jpg 300w\" sizes=\"auto, (max-width: 644px) 100vw, 644px\" \/><\/p>\n<h3><img loading=\"lazy\" decoding=\"async\" class=\"alignnone size-full wp-image-5688\" src=\"https:\/\/medicoweb.com\/main\/wp-content\/uploads\/freccia_gialla.png\" alt=\"\" width=\"27\" height=\"28\" \/>TVI Analyzer &#8211; Prendi subito la strada giusto<\/h3>\n<hr \/>\n<h3>Che cos\u2019\u00e8 TVI Analyzer?<\/h3>\n<p>E\u2019 un analizzatore di soglia (PSA) tricamerale, con possibilit\u00e0 di gestione del Segnale TVI durante l\u2019impianto.<\/p>\n<p>&nbsp;<\/p>\n<h3>Cosa permette di fare?<\/h3>\n<p>Consente di acquisire, confrontare e misurare automaticamente il Segnale TVI in diverse configurazioni.<br \/>\nAh! Oltre alle consuete operazioni svolte da un PSA!<\/p>\n<p>&nbsp;<\/p>\n<h3>Ma cos\u2019\u00e8 il Segnale TVI?<\/h3>\n<p>TVI (Trans-Valvular Impedance) \u00e8 un sistema di rilevamento dell\u2019impedenza cardiaca tramite elettrocateteri convenzionali.<br \/>\nLa forma d\u2019onda \u00e8 campionata durante ogni ciclo ed \u00e8 modulata dalla gittata sistolica, dal riempimento diastolico, e dalle variazioni del precarico e della contrattilit\u00e0.<\/p>\n<p>&nbsp;<\/p>\n<h3>Come si utilizza questo PSA?<\/h3>\n<p>Comunica mediante link telemetrico con il programmatore, che permette di effettuare i test desiderati.<br \/>\nSi collega agli elettrocateteri con un apposito cavo risterilizzabile.<\/p>\n<p><img loading=\"lazy\" decoding=\"async\" class=\"aligncenter size-full wp-image-2597\" src=\"https:\/\/medicoweb.com\/main\/wp-content\/uploads\/grafico_1_tvi_analyzer.jpg\" alt=\"grafico_1_tvi_analyzer\" width=\"640\" height=\"371\" srcset=\"https:\/\/medicoweb.com\/main\/wp-content\/uploads\/grafico_1_tvi_analyzer.jpg 640w, https:\/\/medicoweb.com\/main\/wp-content\/uploads\/grafico_1_tvi_analyzer-300x174.jpg 300w\" sizes=\"auto, (max-width: 640px) 100vw, 640px\" \/><\/p>\n<h3>Oltre alle tipiche misure elettriche, quali vantaggi fornisce?<\/h3>\n<p>\u2022 E\u2019 applicabile in ogni procedura che preveda l\u2019impiego di elettrocateteri intracardiaci o transvenosi coronarici e pu\u00f2 essere una fonte importante di informazioni cliniche.<br \/>\n\u2022 All\u2019impianto di uno stimolatore permanente, il confronto del Segnale TVI intrinseco e stimolato consente di scegliere il sito di pacing che favorisce la migliore meccanica ventricolare.<br \/>\n\u2022 All\u2019impianto di un pacemaker Medico, \u00e8 possibile ottimizzare il Segnale TVI per trarre il massimo beneficio dalle funzioni speciali che lo utilizzano.<\/p>\n<p>&nbsp;<\/p>\n<p><img loading=\"lazy\" decoding=\"async\" class=\"alignnone size-full wp-image-5792\" src=\"https:\/\/medicoweb.com\/main\/wp-content\/uploads\/punto.gif\" alt=\"\" width=\"15\" height=\"15\" \/>\u00a0Semplice e leggero.<br \/>\n<img loading=\"lazy\" decoding=\"async\" class=\"alignnone size-full wp-image-5792\" src=\"https:\/\/medicoweb.com\/main\/wp-content\/uploads\/punto.gif\" alt=\"\" width=\"15\" height=\"15\" \/>\u00a0Riproduce fedelmente il comportamento di uno stimolatore cardiaco permanente (anche tricamerale), con totale flessibilit\u00e0 di programmazione della configurazione di pacing. Con il vantaggio esclusivo di una completa gestione del segnale di Impedenza Transvalvolare (TVI).<\/p>\n<p><img loading=\"lazy\" decoding=\"async\" class=\"aligncenter size-full wp-image-2596\" src=\"https:\/\/medicoweb.com\/main\/wp-content\/uploads\/grafico_2_tvi_analyzer.jpg\" alt=\"grafico_2_tvi_analyzer\" width=\"640\" height=\"371\" srcset=\"https:\/\/medicoweb.com\/main\/wp-content\/uploads\/grafico_2_tvi_analyzer.jpg 640w, https:\/\/medicoweb.com\/main\/wp-content\/uploads\/grafico_2_tvi_analyzer-300x174.jpg 300w\" sizes=\"auto, (max-width: 640px) 100vw, 640px\" \/><\/p>\n<p><img loading=\"lazy\" decoding=\"async\" class=\"alignnone size-full wp-image-5792\" src=\"https:\/\/medicoweb.com\/main\/wp-content\/uploads\/punto.gif\" alt=\"\" width=\"15\" height=\"15\" \/>\u00a0Effettua facilmente le tipiche misure di un PSA: soglia di stimolazione, impedenza degli elettrocateteri, ampiezza del segnale intrinseco in atrio, VD e VS.<br \/>\n<img loading=\"lazy\" decoding=\"async\" class=\"alignnone size-full wp-image-5792\" src=\"https:\/\/medicoweb.com\/main\/wp-content\/uploads\/punto.gif\" alt=\"\" width=\"15\" height=\"15\" \/>\u00a0Permette il confronto, grafico e numerico, di diverse forme d\u2019onda del Segnale TVI.<br \/>\n<img loading=\"lazy\" decoding=\"async\" class=\"alignnone size-full wp-image-5792\" src=\"https:\/\/medicoweb.com\/main\/wp-content\/uploads\/punto.gif\" alt=\"\" width=\"15\" height=\"15\" \/>\u00a0Memorizza i segnali acquisiti.<br \/>\n<img loading=\"lazy\" decoding=\"async\" class=\"alignnone size-full wp-image-5792\" src=\"https:\/\/medicoweb.com\/main\/wp-content\/uploads\/punto.gif\" alt=\"\" width=\"15\" height=\"15\" \/>\u00a0Stampa un report riassuntivo dei test svolti.<\/p>\n<p>&nbsp;<\/p>\n<p>&nbsp;<\/p>\n<p>&nbsp;<\/p>\n<hr \/>\n<p align=\"left\"><img loading=\"lazy\" decoding=\"async\" class=\" wp-image-4629 alignleft\" src=\"https:\/\/medicoweb.com\/main\/wp-content\/uploads\/icona_supporto.png\" alt=\"\" width=\"45\" height=\"45\" \/><span style=\"color: #0575d2;\"><span style=\"font-size: 10pt;\"><em>I prodotti illustrati nel presente sito sono quelli attualmente in produzione. Per maggiori informazioni o per supporto tecnico, vi preghiamo di <\/em><\/span><a title=\"Contatti\" href=\"https:\/\/medicoweb.com\/main\/?page_id=16\"><span style=\"font-size: 10pt;\"><strong>CONTATTARCI<\/strong> &gt;&gt;<\/span><\/a><\/span><\/p>\n<p>&nbsp;<\/p>\n<hr \/>\n<p>&nbsp;<\/p>\n<p align=\"center\"><a href=\"#top\"><img loading=\"lazy\" decoding=\"async\" src=\"https:\/\/medicoweb.com\/main\/wp-content\/uploads\/torna_su.png\" alt=\"\" width=\"28\" height=\"28\" \/> Inizio<\/a><\/p>\n<p>&nbsp;<\/p>\n<p>&nbsp;<\/p>\n<p style=\"text-align: center;\"><span style=\"text-align: center; font-size: 16px;\"><a href=\"https:\/\/medicoweb.com\/main\/prodotti\/\"> <strong>Prodotti<\/strong><\/a> | <a title=\"Tecnologia\" href=\"https:\/\/medicoweb.com\/main\/tecnologia\/\"><strong>Tecnologia<\/strong><\/a> | <a title=\"Supporto\" href=\"https:\/\/medicoweb.com\/main\/supporto\/\"><strong>Supporto<\/strong><\/a> | <a title=\"Contatti\" href=\"https:\/\/medicoweb.com\/main\/contatti\/\"><strong>Contatti<\/strong><\/a><\/span><\/p>\n","protected":false},"excerpt":{"rendered":"<p>TVI Analyzer &#8211; Prendi subito la strada giusto Che cos\u2019\u00e8 TVI Analyzer? E\u2019 un analizzatore di soglia (PSA) tricamerale, con possibilit\u00e0 di gestione del Segnale TVI durante l\u2019impianto. &nbsp; Cosa permette di fare? Consente di acquisire, confrontare e misurare automaticamente&hellip; <\/p>\n","protected":false},"author":1,"featured_media":0,"parent":0,"menu_order":0,"comment_status":"closed","ping_status":"closed","template":"","meta":{"footnotes":""},"class_list":["post-2589","page","type-page","status-publish","hentry"],"yoast_head":"<!-- This site is optimized with the Yoast SEO plugin v24.0 - https:\/\/yoast.com\/wordpress\/plugins\/seo\/ -->\n<title>TVI Analyzer - MEDICO S.R.L.<\/title>\n<meta name=\"robots\" content=\"index, follow, max-snippet:-1, max-image-preview:large, max-video-preview:-1\" \/>\n<link rel=\"canonical\" href=\"https:\/\/medicoweb.com\/main\/tvi-analyzer\/\" \/>\n<meta property=\"og:locale\" content=\"it_IT\" \/>\n<meta property=\"og:type\" content=\"article\" \/>\n<meta property=\"og:title\" content=\"TVI Analyzer - MEDICO S.R.L.\" \/>\n<meta property=\"og:description\" content=\"TVI Analyzer &#8211; Prendi subito la strada giusto Che cos\u2019\u00e8 TVI Analyzer? E\u2019 un analizzatore di soglia (PSA) tricamerale, con possibilit\u00e0 di gestione del Segnale TVI durante l\u2019impianto. &nbsp; Cosa permette di fare? Consente di acquisire, confrontare e misurare automaticamente&hellip;\" \/>\n<meta property=\"og:url\" content=\"https:\/\/medicoweb.com\/main\/tvi-analyzer\/\" \/>\n<meta property=\"og:site_name\" content=\"MEDICO S.R.L.\" \/>\n<meta property=\"article:publisher\" content=\"https:\/\/www.facebook.com\/MedicoSpa\/\" \/>\n<meta property=\"article:modified_time\" content=\"2020-02-19T16:44:10+00:00\" \/>\n<meta property=\"og:image\" content=\"https:\/\/medicoweb.com\/main\/wp-content\/uploads\/banner_tvi_analyzer.jpg\" \/>\n<meta name=\"twitter:card\" content=\"summary_large_image\" \/>\n<meta name=\"twitter:label1\" content=\"Tempo di lettura stimato\" \/>\n\t<meta name=\"twitter:data1\" content=\"2 minuti\" \/>\n<script type=\"application\/ld+json\" class=\"yoast-schema-graph\">{\"@context\":\"https:\/\/schema.org\",\"@graph\":[{\"@type\":\"WebPage\",\"@id\":\"https:\/\/medicoweb.com\/main\/tvi-analyzer\/\",\"url\":\"https:\/\/medicoweb.com\/main\/tvi-analyzer\/\",\"name\":\"TVI Analyzer - MEDICO S.R.L.\",\"isPartOf\":{\"@id\":\"https:\/\/medicoweb.com\/main\/#website\"},\"primaryImageOfPage\":{\"@id\":\"https:\/\/medicoweb.com\/main\/tvi-analyzer\/#primaryimage\"},\"image\":{\"@id\":\"https:\/\/medicoweb.com\/main\/tvi-analyzer\/#primaryimage\"},\"thumbnailUrl\":\"https:\/\/medicoweb.com\/main\/wp-content\/uploads\/banner_tvi_analyzer.jpg\",\"datePublished\":\"2013-09-27T14:52:01+00:00\",\"dateModified\":\"2020-02-19T16:44:10+00:00\",\"breadcrumb\":{\"@id\":\"https:\/\/medicoweb.com\/main\/tvi-analyzer\/#breadcrumb\"},\"inLanguage\":\"it-IT\",\"potentialAction\":[{\"@type\":\"ReadAction\",\"target\":[\"https:\/\/medicoweb.com\/main\/tvi-analyzer\/\"]}]},{\"@type\":\"ImageObject\",\"inLanguage\":\"it-IT\",\"@id\":\"https:\/\/medicoweb.com\/main\/tvi-analyzer\/#primaryimage\",\"url\":\"https:\/\/medicoweb.com\/main\/wp-content\/uploads\/banner_tvi_analyzer.jpg\",\"contentUrl\":\"https:\/\/medicoweb.com\/main\/wp-content\/uploads\/banner_tvi_analyzer.jpg\",\"width\":644,\"height\":193},{\"@type\":\"BreadcrumbList\",\"@id\":\"https:\/\/medicoweb.com\/main\/tvi-analyzer\/#breadcrumb\",\"itemListElement\":[{\"@type\":\"ListItem\",\"position\":1,\"name\":\"Home\",\"item\":\"https:\/\/medicoweb.com\/main\/\"},{\"@type\":\"ListItem\",\"position\":2,\"name\":\"TVI Analyzer\"}]},{\"@type\":\"WebSite\",\"@id\":\"https:\/\/medicoweb.com\/main\/#website\",\"url\":\"https:\/\/medicoweb.com\/main\/\",\"name\":\"MEDICO S.p.A.\",\"description\":\"Italian Design For Life\",\"publisher\":{\"@id\":\"https:\/\/medicoweb.com\/main\/#organization\"},\"potentialAction\":[{\"@type\":\"SearchAction\",\"target\":{\"@type\":\"EntryPoint\",\"urlTemplate\":\"https:\/\/medicoweb.com\/main\/?s={search_term_string}\"},\"query-input\":{\"@type\":\"PropertyValueSpecification\",\"valueRequired\":true,\"valueName\":\"search_term_string\"}}],\"inLanguage\":\"it-IT\"},{\"@type\":\"Organization\",\"@id\":\"https:\/\/medicoweb.com\/main\/#organization\",\"name\":\"MEDICO S.p.A.\",\"url\":\"https:\/\/medicoweb.com\/main\/\",\"logo\":{\"@type\":\"ImageObject\",\"inLanguage\":\"it-IT\",\"@id\":\"https:\/\/medicoweb.com\/main\/#\/schema\/logo\/image\/\",\"url\":\"https:\/\/medicoweb.com\/main\/wp-content\/uploads\/logo_medico2016-1.png\",\"contentUrl\":\"https:\/\/medicoweb.com\/main\/wp-content\/uploads\/logo_medico2016-1.png\",\"width\":350,\"height\":84,\"caption\":\"MEDICO S.p.A.\"},\"image\":{\"@id\":\"https:\/\/medicoweb.com\/main\/#\/schema\/logo\/image\/\"},\"sameAs\":[\"https:\/\/www.facebook.com\/MedicoSpa\/\",\"https:\/\/it.linkedin.com\/company\/medico-s.p.a.\",\"https:\/\/www.youtube.com\/channel\/UCobmQUF5q8SwwMSZ00fA65g\"]}]}<\/script>\n<!-- \/ Yoast SEO plugin. -->","yoast_head_json":{"title":"TVI Analyzer - MEDICO S.R.L.","robots":{"index":"index","follow":"follow","max-snippet":"max-snippet:-1","max-image-preview":"max-image-preview:large","max-video-preview":"max-video-preview:-1"},"canonical":"https:\/\/medicoweb.com\/main\/tvi-analyzer\/","og_locale":"it_IT","og_type":"article","og_title":"TVI Analyzer - MEDICO S.R.L.","og_description":"TVI Analyzer &#8211; Prendi subito la strada giusto Che cos\u2019\u00e8 TVI Analyzer? E\u2019 un analizzatore di soglia (PSA) tricamerale, con possibilit\u00e0 di gestione del Segnale TVI durante l\u2019impianto. &nbsp; Cosa permette di fare? Consente di acquisire, confrontare e misurare automaticamente&hellip;","og_url":"https:\/\/medicoweb.com\/main\/tvi-analyzer\/","og_site_name":"MEDICO S.R.L.","article_publisher":"https:\/\/www.facebook.com\/MedicoSpa\/","article_modified_time":"2020-02-19T16:44:10+00:00","og_image":[{"url":"https:\/\/medicoweb.com\/main\/wp-content\/uploads\/banner_tvi_analyzer.jpg","type":"","width":"","height":""}],"twitter_card":"summary_large_image","twitter_misc":{"Tempo di lettura stimato":"2 minuti"},"schema":{"@context":"https:\/\/schema.org","@graph":[{"@type":"WebPage","@id":"https:\/\/medicoweb.com\/main\/tvi-analyzer\/","url":"https:\/\/medicoweb.com\/main\/tvi-analyzer\/","name":"TVI Analyzer - MEDICO S.R.L.","isPartOf":{"@id":"https:\/\/medicoweb.com\/main\/#website"},"primaryImageOfPage":{"@id":"https:\/\/medicoweb.com\/main\/tvi-analyzer\/#primaryimage"},"image":{"@id":"https:\/\/medicoweb.com\/main\/tvi-analyzer\/#primaryimage"},"thumbnailUrl":"https:\/\/medicoweb.com\/main\/wp-content\/uploads\/banner_tvi_analyzer.jpg","datePublished":"2013-09-27T14:52:01+00:00","dateModified":"2020-02-19T16:44:10+00:00","breadcrumb":{"@id":"https:\/\/medicoweb.com\/main\/tvi-analyzer\/#breadcrumb"},"inLanguage":"it-IT","potentialAction":[{"@type":"ReadAction","target":["https:\/\/medicoweb.com\/main\/tvi-analyzer\/"]}]},{"@type":"ImageObject","inLanguage":"it-IT","@id":"https:\/\/medicoweb.com\/main\/tvi-analyzer\/#primaryimage","url":"https:\/\/medicoweb.com\/main\/wp-content\/uploads\/banner_tvi_analyzer.jpg","contentUrl":"https:\/\/medicoweb.com\/main\/wp-content\/uploads\/banner_tvi_analyzer.jpg","width":644,"height":193},{"@type":"BreadcrumbList","@id":"https:\/\/medicoweb.com\/main\/tvi-analyzer\/#breadcrumb","itemListElement":[{"@type":"ListItem","position":1,"name":"Home","item":"https:\/\/medicoweb.com\/main\/"},{"@type":"ListItem","position":2,"name":"TVI Analyzer"}]},{"@type":"WebSite","@id":"https:\/\/medicoweb.com\/main\/#website","url":"https:\/\/medicoweb.com\/main\/","name":"MEDICO S.p.A.","description":"Italian Design For Life","publisher":{"@id":"https:\/\/medicoweb.com\/main\/#organization"},"potentialAction":[{"@type":"SearchAction","target":{"@type":"EntryPoint","urlTemplate":"https:\/\/medicoweb.com\/main\/?s={search_term_string}"},"query-input":{"@type":"PropertyValueSpecification","valueRequired":true,"valueName":"search_term_string"}}],"inLanguage":"it-IT"},{"@type":"Organization","@id":"https:\/\/medicoweb.com\/main\/#organization","name":"MEDICO S.p.A.","url":"https:\/\/medicoweb.com\/main\/","logo":{"@type":"ImageObject","inLanguage":"it-IT","@id":"https:\/\/medicoweb.com\/main\/#\/schema\/logo\/image\/","url":"https:\/\/medicoweb.com\/main\/wp-content\/uploads\/logo_medico2016-1.png","contentUrl":"https:\/\/medicoweb.com\/main\/wp-content\/uploads\/logo_medico2016-1.png","width":350,"height":84,"caption":"MEDICO S.p.A."},"image":{"@id":"https:\/\/medicoweb.com\/main\/#\/schema\/logo\/image\/"},"sameAs":["https:\/\/www.facebook.com\/MedicoSpa\/","https:\/\/it.linkedin.com\/company\/medico-s.p.a.","https:\/\/www.youtube.com\/channel\/UCobmQUF5q8SwwMSZ00fA65g"]}]}},"_links":{"self":[{"href":"https:\/\/medicoweb.com\/main\/wp-json\/wp\/v2\/pages\/2589","targetHints":{"allow":["GET"]}}],"collection":[{"href":"https:\/\/medicoweb.com\/main\/wp-json\/wp\/v2\/pages"}],"about":[{"href":"https:\/\/medicoweb.com\/main\/wp-json\/wp\/v2\/types\/page"}],"author":[{"embeddable":true,"href":"https:\/\/medicoweb.com\/main\/wp-json\/wp\/v2\/users\/1"}],"replies":[{"embeddable":true,"href":"https:\/\/medicoweb.com\/main\/wp-json\/wp\/v2\/comments?post=2589"}],"version-history":[{"count":1,"href":"https:\/\/medicoweb.com\/main\/wp-json\/wp\/v2\/pages\/2589\/revisions"}],"predecessor-version":[{"id":6566,"href":"https:\/\/medicoweb.com\/main\/wp-json\/wp\/v2\/pages\/2589\/revisions\/6566"}],"wp:attachment":[{"href":"https:\/\/medicoweb.com\/main\/wp-json\/wp\/v2\/media?parent=2589"}],"curies":[{"name":"wp","href":"https:\/\/api.w.org\/{rel}","templated":true}]}}