{"id":3305,"date":"2016-11-10T11:58:59","date_gmt":"2016-11-10T11:58:59","guid":{"rendered":"https:\/\/medicoweb.com\/main\/?page_id=3305"},"modified":"2020-02-19T12:33:43","modified_gmt":"2020-02-19T11:33:43","slug":"hera-ddd-biventricolare","status":"publish","type":"page","link":"https:\/\/medicoweb.com\/main\/hera-ddd-biventricolare\/","title":{"rendered":"Hera (DDD-Biventricolare)"},"content":{"rendered":"<p><img loading=\"lazy\" decoding=\"async\" class=\"alignleft wp-image-3302 size-full\" src=\"https:\/\/medicoweb.com\/main\/wp-content\/uploads\/hera_ddd.jpg\" alt=\"\" width=\"134\" height=\"150\" \/><\/p>\n<h6 style=\"text-align: right;\">Hera (DDD-Biventricolare)\u00a0<a><br \/>\n<\/a><a href=\"https:\/\/medicoweb.com\/main\/legenda\/\"><img loading=\"lazy\" decoding=\"async\" class=\"alignnone\" title=\"ELETTROGRAMMA INTRACAVITARIO INTEGRATO \/ INTEGRATED INTRACARDIAC ELECTROGRAM\" src=\"https:\/\/medicoweb.com\/main\/wp-content\/uploads\/iecg_icona.png\" alt=\"\" width=\"45\" height=\"28\" \/><img loading=\"lazy\" decoding=\"async\" class=\"alignnone\" title=\"IMPEDENZA TRANS VALVOLARE \/ TRANS VALVULAR IMPEDANCE\" src=\"https:\/\/medicoweb.com\/main\/wp-content\/uploads\/tvi_icona.png\" alt=\"\" width=\"45\" height=\"28\" \/><img loading=\"lazy\" decoding=\"async\" class=\"alignnone\" title=\"STIMOLAZIONE BIVENTRICOLARE \/ BIVENTRICULAR STIMULATION\" src=\"https:\/\/medicoweb.com\/main\/wp-content\/uploads\/biv_icona.png\" alt=\"BIVENTRICULAR\" width=\"45\" height=\"28\" \/><img loading=\"lazy\" decoding=\"async\" class=\"alignnone\" title=\"SENSORE ACCELEROMETRICO \/ ACCELEROMETRIC SENSOR\" src=\"https:\/\/medicoweb.com\/main\/wp-content\/uploads\/sensore_accelerometrico_icona.png\" alt=\"\" width=\"45\" height=\"28\" \/><img loading=\"lazy\" decoding=\"async\" class=\"alignnone\" title=\"TECNOLOGIA A MICROPROCESSORE \/ PROCESSOR TECHNOLOGY\" src=\"https:\/\/medicoweb.com\/main\/wp-content\/uploads\/processore_icona.png\" alt=\"\" width=\"45\" height=\"28\" \/><\/a><\/h6>\n<h3 style=\"text-align: right;\"><\/h3>\n<p>&nbsp;<\/p>\n<h4 style=\"text-align: right;\"><span style=\"color: #6a7075;\">L\u2019ottimizzazione emodinamica della terapia di resincronizzazione cardiaca<\/span><\/h4>\n<hr \/>\n<h3>Visualizzazione del segnale TVI in telemetria reale, in configurazione destra o sinistra.<br \/>\nElaborazione, visualizzazione e memorizzazione della forma d\u2019onda media.<\/h3>\n<p>TVI in configurazione destra \u00e8 l\u2019impedenza transvalvolare derivata fra elettrodi endocardici posti in atrio e ventricolo destro. Aumenta in sistole e diminuisce in diastole, seguendo la temporizzazione della meccanica ventricolare.<\/p>\n<p><img loading=\"lazy\" decoding=\"async\" class=\"alignleft size-full wp-image-3310\" src=\"https:\/\/medicoweb.com\/main\/wp-content\/uploads\/hera_vv_ita.jpg\" alt=\"hera_vv_ita\" width=\"644\" height=\"370\" srcset=\"https:\/\/medicoweb.com\/main\/wp-content\/uploads\/hera_vv_ita.jpg 644w, https:\/\/medicoweb.com\/main\/wp-content\/uploads\/hera_vv_ita-300x172.jpg 300w\" sizes=\"auto, (max-width: 644px) 100vw, 644px\" \/><\/p>\n<p>L\u2019ampiezza e la morfologia del segnale sono indici dell\u2019efficienza della funzione di pompa.<br \/>\nIl confronto delle forme d\u2019onda di TVI acquisite al variare del ritardo VV consente di definire la temporizzazione migliore.<br \/>\nTVI in configurazione sinistra \u00e8 l\u2019impedenza derivata fra l\u2019atrio destro e la vena cardiaca in cui \u00e8 collocato il catetere sinistro. Diminuisce in sistole e aumenta in diastole. La fase di risalita corrisponde al rilassamento del ventricolo sinistro.<\/p>\n<p><img loading=\"lazy\" decoding=\"async\" class=\"alignleft size-full wp-image-3314\" src=\"https:\/\/medicoweb.com\/main\/wp-content\/uploads\/hera_tvi_confronto_ita.jpg\" alt=\"hera_tvi_confronto_ita\" width=\"644\" height=\"370\" srcset=\"https:\/\/medicoweb.com\/main\/wp-content\/uploads\/hera_tvi_confronto_ita.jpg 644w, https:\/\/medicoweb.com\/main\/wp-content\/uploads\/hera_tvi_confronto_ita-300x172.jpg 300w\" sizes=\"auto, (max-width: 644px) 100vw, 644px\" \/><\/p>\n<p>Lo sfasamento fra TVI destro e sinistro \u00e8 un indicatore della desincronizzazione interventricolare. La temporizzazione del pacing biventricolare deve quindi favorire la sincronizzazione delle forme d\u2019onda di TVI derivate in configurazione destra e sinistra.<\/p>\n<hr \/>\n<h3>Massima flessibilit\u00e0 nel pacing biventricolare con funzioni di autoregolazione<\/h3>\n<p>Programmazione dei parametri di sensing \/ pacing in 3 canali indipendenti, con possibilit\u00e0 di applicare o meno un ritardo VV e di scegliere il ventricolo stimolato per primo. Opzionalmente, la stimolazione del secondo ventricolo pu\u00f2 essere inibita dal sensing sul canale corrispondente. Ci\u00f2 consente di effettuare una stimolazione Hisiana in tutta sicurezza. Il pacemaker \u00e8 in grado, infatti, di erogare uno stimolo di back-up in apice del ventricolo destro, in caso di inefficacia dello stimolo Hisiano.<\/p>\n<hr \/>\n<h3>Algoritmo di conferma di eiezione dopo pacing ventricolare con adeguamento automatico dell\u2019energia di stimolazione in caso di perdita di cattura<\/h3>\n<hr \/>\n<h3>Algoritmo di conferma di eiezione dopo sensing ventricolare con stimolazione di sicurezza in caso di inibizione da interferenze esterne<\/h3>\n<hr \/>\n<h3>Monitoraggio della meccanica ventricolare a lungo termine per valutare gli effetti della terapia di resincronizzazione<\/h3>\n<p>In pazienti affetti da scompenso cardiaco \u00e8 fondamentale monitorare gli effetti della terapia di resincronizzazione. A tale scopo il programmatore fornisce un avviso appropriato all\u2019utente, in caso di degrado significativo della performance emodinamica.<\/p>\n<hr \/>\n<h3>Valutazione corretta ed esauriente degli episodi tachicardici grazie alla sinergia tra le informazioni elettriche fornite dall\u2019iECG e le informazione emodinamiche fornite da TVI<\/h3>\n<p>Il pattern dell\u2019iECG differenzia chiaramente tachicardie ventricolari o sopraventricolari.<br \/>\nTVI fornisce invece informazioni sulla presenza di attivit\u00e0 emodinamica e sulla stabilit\u00e0 della funzione meccanica ventricolare.<\/p>\n<p><img loading=\"lazy\" decoding=\"async\" class=\"alignleft size-full wp-image-3312\" src=\"https:\/\/medicoweb.com\/main\/wp-content\/uploads\/hera_svt_ita.jpg\" alt=\"hera_svt_ita\" width=\"644\" height=\"193\" srcset=\"https:\/\/medicoweb.com\/main\/wp-content\/uploads\/hera_svt_ita.jpg 644w, https:\/\/medicoweb.com\/main\/wp-content\/uploads\/hera_svt_ita-300x90.jpg 300w\" sizes=\"auto, (max-width: 644px) 100vw, 644px\" \/><\/p>\n<p>In caso di TSV, la componente ventricolare dell\u2019iECG ha un decorso rapido e mantiene le caratteristiche del segnale registrato in ritmo sinusale. La presenza di regolari fluttuazioni di TVI indica una funzione di pompa conservata.<\/p>\n<p><img loading=\"lazy\" decoding=\"async\" class=\"alignleft size-full wp-image-3316\" src=\"https:\/\/medicoweb.com\/main\/wp-content\/uploads\/hera_vt_ita.jpg\" alt=\"hera_vt_ita\" width=\"644\" height=\"193\" srcset=\"https:\/\/medicoweb.com\/main\/wp-content\/uploads\/hera_vt_ita.jpg 644w, https:\/\/medicoweb.com\/main\/wp-content\/uploads\/hera_vt_ita-300x90.jpg 300w\" sizes=\"auto, (max-width: 644px) 100vw, 644px\" \/><\/p>\n<p>In caso di TV, l\u2019iECG presenta complessi ventricolari larghi, evidentemente diversi da quelli condotti lungo il sistema His-Purkinje. Nelle tachicardie emodinamicamente tollerate le fluttuazioni di TVI sono preservate, mentre il segnale \u00e8 marcatamente depresso o del tutto assente se la funzione di pompa \u00e8 insufficiente.<\/p>\n<p>&nbsp;<\/p>\n<p>&nbsp;<\/p>\n<hr \/>\n<p align=\"left\"><img loading=\"lazy\" decoding=\"async\" class=\" wp-image-4629 alignleft\" src=\"https:\/\/medicoweb.com\/main\/wp-content\/uploads\/icona_supporto.png\" alt=\"\" width=\"45\" height=\"45\" \/><span style=\"color: #0575d2;\"><span style=\"font-size: 10pt;\"><em>Per maggiori informazioni o per supporto tecnico, vi preghiamo di <\/em><\/span><a title=\"Contatti\" href=\"https:\/\/medicoweb.com\/main\/?page_id=16\"><span style=\"font-size: 10pt;\"><strong>CONTATTARCI<\/strong> &gt;&gt;<\/span><\/a><\/span><\/p>\n<p>&nbsp;<\/p>\n<hr \/>\n<p>&nbsp;<\/p>\n<p align=\"center\"><a href=\"#top\"><img loading=\"lazy\" decoding=\"async\" src=\"https:\/\/medicoweb.com\/main\/wp-content\/uploads\/torna_su.png\" alt=\"\" width=\"28\" height=\"28\" \/> Inizio<\/a><\/p>\n<p>&nbsp;<\/p>\n<p>&nbsp;<\/p>\n<p style=\"text-align: center;\"><span style=\"text-align: center; font-size: 16px;\"><a href=\"https:\/\/medicoweb.com\/main\/prodotti\/\"> <strong>Prodotti<\/strong><\/a> | <a title=\"Tecnologia\" href=\"https:\/\/medicoweb.com\/main\/tecnologia\/\"><strong>Tecnologia<\/strong><\/a> | <a title=\"Supporto\" href=\"https:\/\/medicoweb.com\/main\/supporto\/\"><strong>Supporto<\/strong><\/a> | <a title=\"Contatti\" href=\"https:\/\/medicoweb.com\/main\/contatti\/\"><strong>Contatti<\/strong><\/a><\/span><\/p>\n","protected":false},"excerpt":{"rendered":"<p>Hera (DDD-Biventricolare)\u00a0 &nbsp; L\u2019ottimizzazione emodinamica della terapia di resincronizzazione cardiaca Visualizzazione del segnale TVI in telemetria reale, in configurazione destra o sinistra. Elaborazione, visualizzazione e memorizzazione della forma d\u2019onda media. TVI in configurazione destra \u00e8 l\u2019impedenza transvalvolare derivata fra elettrodi&hellip; <\/p>\n","protected":false},"author":1,"featured_media":0,"parent":0,"menu_order":0,"comment_status":"closed","ping_status":"closed","template":"","meta":{"footnotes":""},"class_list":["post-3305","page","type-page","status-publish","hentry"],"yoast_head":"<!-- This site is optimized with the Yoast SEO plugin v24.0 - https:\/\/yoast.com\/wordpress\/plugins\/seo\/ -->\n<title>Hera (DDD-Biventricolare) - MEDICO S.R.L.<\/title>\n<meta name=\"robots\" content=\"index, follow, max-snippet:-1, max-image-preview:large, max-video-preview:-1\" \/>\n<link rel=\"canonical\" href=\"https:\/\/medicoweb.com\/main\/hera-ddd-biventricolare\/\" \/>\n<meta property=\"og:locale\" content=\"it_IT\" \/>\n<meta property=\"og:type\" content=\"article\" \/>\n<meta property=\"og:title\" content=\"Hera (DDD-Biventricolare) - MEDICO S.R.L.\" \/>\n<meta property=\"og:description\" content=\"Hera (DDD-Biventricolare)\u00a0 &nbsp; L\u2019ottimizzazione emodinamica della terapia di resincronizzazione cardiaca Visualizzazione del segnale TVI in telemetria reale, in configurazione destra o sinistra. Elaborazione, visualizzazione e memorizzazione della forma d\u2019onda media. TVI in configurazione destra \u00e8 l\u2019impedenza transvalvolare derivata fra elettrodi&hellip;\" \/>\n<meta property=\"og:url\" content=\"https:\/\/medicoweb.com\/main\/hera-ddd-biventricolare\/\" \/>\n<meta property=\"og:site_name\" content=\"MEDICO S.R.L.\" \/>\n<meta property=\"article:publisher\" content=\"https:\/\/www.facebook.com\/MedicoSpa\/\" \/>\n<meta property=\"article:modified_time\" content=\"2020-02-19T11:33:43+00:00\" \/>\n<meta property=\"og:image\" content=\"https:\/\/medicoweb.com\/main\/wp-content\/uploads\/hera_ddd.jpg\" \/>\n<meta name=\"twitter:card\" content=\"summary_large_image\" \/>\n<meta name=\"twitter:label1\" content=\"Tempo di lettura stimato\" \/>\n\t<meta name=\"twitter:data1\" content=\"2 minuti\" \/>\n<script type=\"application\/ld+json\" class=\"yoast-schema-graph\">{\"@context\":\"https:\/\/schema.org\",\"@graph\":[{\"@type\":\"WebPage\",\"@id\":\"https:\/\/medicoweb.com\/main\/hera-ddd-biventricolare\/\",\"url\":\"https:\/\/medicoweb.com\/main\/hera-ddd-biventricolare\/\",\"name\":\"Hera (DDD-Biventricolare) - MEDICO S.R.L.\",\"isPartOf\":{\"@id\":\"https:\/\/medicoweb.com\/main\/#website\"},\"primaryImageOfPage\":{\"@id\":\"https:\/\/medicoweb.com\/main\/hera-ddd-biventricolare\/#primaryimage\"},\"image\":{\"@id\":\"https:\/\/medicoweb.com\/main\/hera-ddd-biventricolare\/#primaryimage\"},\"thumbnailUrl\":\"https:\/\/medicoweb.com\/main\/wp-content\/uploads\/hera_ddd.jpg\",\"datePublished\":\"2016-11-10T11:58:59+00:00\",\"dateModified\":\"2020-02-19T11:33:43+00:00\",\"breadcrumb\":{\"@id\":\"https:\/\/medicoweb.com\/main\/hera-ddd-biventricolare\/#breadcrumb\"},\"inLanguage\":\"it-IT\",\"potentialAction\":[{\"@type\":\"ReadAction\",\"target\":[\"https:\/\/medicoweb.com\/main\/hera-ddd-biventricolare\/\"]}]},{\"@type\":\"ImageObject\",\"inLanguage\":\"it-IT\",\"@id\":\"https:\/\/medicoweb.com\/main\/hera-ddd-biventricolare\/#primaryimage\",\"url\":\"https:\/\/medicoweb.com\/main\/wp-content\/uploads\/hera_ddd.jpg\",\"contentUrl\":\"https:\/\/medicoweb.com\/main\/wp-content\/uploads\/hera_ddd.jpg\",\"width\":134,\"height\":150},{\"@type\":\"BreadcrumbList\",\"@id\":\"https:\/\/medicoweb.com\/main\/hera-ddd-biventricolare\/#breadcrumb\",\"itemListElement\":[{\"@type\":\"ListItem\",\"position\":1,\"name\":\"Home\",\"item\":\"https:\/\/medicoweb.com\/main\/\"},{\"@type\":\"ListItem\",\"position\":2,\"name\":\"Hera (DDD-Biventricolare)\"}]},{\"@type\":\"WebSite\",\"@id\":\"https:\/\/medicoweb.com\/main\/#website\",\"url\":\"https:\/\/medicoweb.com\/main\/\",\"name\":\"MEDICO S.p.A.\",\"description\":\"Italian Design For Life\",\"publisher\":{\"@id\":\"https:\/\/medicoweb.com\/main\/#organization\"},\"potentialAction\":[{\"@type\":\"SearchAction\",\"target\":{\"@type\":\"EntryPoint\",\"urlTemplate\":\"https:\/\/medicoweb.com\/main\/?s={search_term_string}\"},\"query-input\":{\"@type\":\"PropertyValueSpecification\",\"valueRequired\":true,\"valueName\":\"search_term_string\"}}],\"inLanguage\":\"it-IT\"},{\"@type\":\"Organization\",\"@id\":\"https:\/\/medicoweb.com\/main\/#organization\",\"name\":\"MEDICO S.p.A.\",\"url\":\"https:\/\/medicoweb.com\/main\/\",\"logo\":{\"@type\":\"ImageObject\",\"inLanguage\":\"it-IT\",\"@id\":\"https:\/\/medicoweb.com\/main\/#\/schema\/logo\/image\/\",\"url\":\"https:\/\/medicoweb.com\/main\/wp-content\/uploads\/logo_medico2016-1.png\",\"contentUrl\":\"https:\/\/medicoweb.com\/main\/wp-content\/uploads\/logo_medico2016-1.png\",\"width\":350,\"height\":84,\"caption\":\"MEDICO S.p.A.\"},\"image\":{\"@id\":\"https:\/\/medicoweb.com\/main\/#\/schema\/logo\/image\/\"},\"sameAs\":[\"https:\/\/www.facebook.com\/MedicoSpa\/\",\"https:\/\/it.linkedin.com\/company\/medico-s.p.a.\",\"https:\/\/www.youtube.com\/channel\/UCobmQUF5q8SwwMSZ00fA65g\"]}]}<\/script>\n<!-- \/ Yoast SEO plugin. -->","yoast_head_json":{"title":"Hera (DDD-Biventricolare) - MEDICO S.R.L.","robots":{"index":"index","follow":"follow","max-snippet":"max-snippet:-1","max-image-preview":"max-image-preview:large","max-video-preview":"max-video-preview:-1"},"canonical":"https:\/\/medicoweb.com\/main\/hera-ddd-biventricolare\/","og_locale":"it_IT","og_type":"article","og_title":"Hera (DDD-Biventricolare) - MEDICO S.R.L.","og_description":"Hera (DDD-Biventricolare)\u00a0 &nbsp; L\u2019ottimizzazione emodinamica della terapia di resincronizzazione cardiaca Visualizzazione del segnale TVI in telemetria reale, in configurazione destra o sinistra. Elaborazione, visualizzazione e memorizzazione della forma d\u2019onda media. TVI in configurazione destra \u00e8 l\u2019impedenza transvalvolare derivata fra elettrodi&hellip;","og_url":"https:\/\/medicoweb.com\/main\/hera-ddd-biventricolare\/","og_site_name":"MEDICO S.R.L.","article_publisher":"https:\/\/www.facebook.com\/MedicoSpa\/","article_modified_time":"2020-02-19T11:33:43+00:00","og_image":[{"url":"https:\/\/medicoweb.com\/main\/wp-content\/uploads\/hera_ddd.jpg","type":"","width":"","height":""}],"twitter_card":"summary_large_image","twitter_misc":{"Tempo di lettura stimato":"2 minuti"},"schema":{"@context":"https:\/\/schema.org","@graph":[{"@type":"WebPage","@id":"https:\/\/medicoweb.com\/main\/hera-ddd-biventricolare\/","url":"https:\/\/medicoweb.com\/main\/hera-ddd-biventricolare\/","name":"Hera (DDD-Biventricolare) - MEDICO S.R.L.","isPartOf":{"@id":"https:\/\/medicoweb.com\/main\/#website"},"primaryImageOfPage":{"@id":"https:\/\/medicoweb.com\/main\/hera-ddd-biventricolare\/#primaryimage"},"image":{"@id":"https:\/\/medicoweb.com\/main\/hera-ddd-biventricolare\/#primaryimage"},"thumbnailUrl":"https:\/\/medicoweb.com\/main\/wp-content\/uploads\/hera_ddd.jpg","datePublished":"2016-11-10T11:58:59+00:00","dateModified":"2020-02-19T11:33:43+00:00","breadcrumb":{"@id":"https:\/\/medicoweb.com\/main\/hera-ddd-biventricolare\/#breadcrumb"},"inLanguage":"it-IT","potentialAction":[{"@type":"ReadAction","target":["https:\/\/medicoweb.com\/main\/hera-ddd-biventricolare\/"]}]},{"@type":"ImageObject","inLanguage":"it-IT","@id":"https:\/\/medicoweb.com\/main\/hera-ddd-biventricolare\/#primaryimage","url":"https:\/\/medicoweb.com\/main\/wp-content\/uploads\/hera_ddd.jpg","contentUrl":"https:\/\/medicoweb.com\/main\/wp-content\/uploads\/hera_ddd.jpg","width":134,"height":150},{"@type":"BreadcrumbList","@id":"https:\/\/medicoweb.com\/main\/hera-ddd-biventricolare\/#breadcrumb","itemListElement":[{"@type":"ListItem","position":1,"name":"Home","item":"https:\/\/medicoweb.com\/main\/"},{"@type":"ListItem","position":2,"name":"Hera (DDD-Biventricolare)"}]},{"@type":"WebSite","@id":"https:\/\/medicoweb.com\/main\/#website","url":"https:\/\/medicoweb.com\/main\/","name":"MEDICO S.p.A.","description":"Italian Design For Life","publisher":{"@id":"https:\/\/medicoweb.com\/main\/#organization"},"potentialAction":[{"@type":"SearchAction","target":{"@type":"EntryPoint","urlTemplate":"https:\/\/medicoweb.com\/main\/?s={search_term_string}"},"query-input":{"@type":"PropertyValueSpecification","valueRequired":true,"valueName":"search_term_string"}}],"inLanguage":"it-IT"},{"@type":"Organization","@id":"https:\/\/medicoweb.com\/main\/#organization","name":"MEDICO S.p.A.","url":"https:\/\/medicoweb.com\/main\/","logo":{"@type":"ImageObject","inLanguage":"it-IT","@id":"https:\/\/medicoweb.com\/main\/#\/schema\/logo\/image\/","url":"https:\/\/medicoweb.com\/main\/wp-content\/uploads\/logo_medico2016-1.png","contentUrl":"https:\/\/medicoweb.com\/main\/wp-content\/uploads\/logo_medico2016-1.png","width":350,"height":84,"caption":"MEDICO S.p.A."},"image":{"@id":"https:\/\/medicoweb.com\/main\/#\/schema\/logo\/image\/"},"sameAs":["https:\/\/www.facebook.com\/MedicoSpa\/","https:\/\/it.linkedin.com\/company\/medico-s.p.a.","https:\/\/www.youtube.com\/channel\/UCobmQUF5q8SwwMSZ00fA65g"]}]}},"_links":{"self":[{"href":"https:\/\/medicoweb.com\/main\/wp-json\/wp\/v2\/pages\/3305","targetHints":{"allow":["GET"]}}],"collection":[{"href":"https:\/\/medicoweb.com\/main\/wp-json\/wp\/v2\/pages"}],"about":[{"href":"https:\/\/medicoweb.com\/main\/wp-json\/wp\/v2\/types\/page"}],"author":[{"embeddable":true,"href":"https:\/\/medicoweb.com\/main\/wp-json\/wp\/v2\/users\/1"}],"replies":[{"embeddable":true,"href":"https:\/\/medicoweb.com\/main\/wp-json\/wp\/v2\/comments?post=3305"}],"version-history":[{"count":1,"href":"https:\/\/medicoweb.com\/main\/wp-json\/wp\/v2\/pages\/3305\/revisions"}],"predecessor-version":[{"id":6525,"href":"https:\/\/medicoweb.com\/main\/wp-json\/wp\/v2\/pages\/3305\/revisions\/6525"}],"wp:attachment":[{"href":"https:\/\/medicoweb.com\/main\/wp-json\/wp\/v2\/media?parent=3305"}],"curies":[{"name":"wp","href":"https:\/\/api.w.org\/{rel}","templated":true}]}}