{"id":66,"date":"2011-12-21T12:02:26","date_gmt":"2011-12-21T12:02:26","guid":{"rendered":"https:\/\/medicoweb.com\/main\/?page_id=66"},"modified":"2020-02-19T12:56:26","modified_gmt":"2020-02-19T11:56:26","slug":"funzioni-speciali","status":"publish","type":"page","link":"https:\/\/medicoweb.com\/main\/funzioni-speciali\/","title":{"rendered":"Funzioni speciali"},"content":{"rendered":"<h3>Funzioni Speciali:<\/h3>\n<hr \/>\n<h3>Calibrazione automatica del Segnale TVI<\/h3>\n<p><img loading=\"lazy\" decoding=\"async\" class=\"alignleft size-full wp-image-1763\" title=\"calibrazione\" src=\"https:\/\/medicoweb.com\/main\/wp-content\/uploads\/calibrazione.jpg\" alt=\"\" width=\"644\" height=\"193\" srcset=\"https:\/\/medicoweb.com\/main\/wp-content\/uploads\/calibrazione.jpg 644w, https:\/\/medicoweb.com\/main\/wp-content\/uploads\/calibrazione-300x90.jpg 300w\" sizes=\"auto, (max-width: 644px) 100vw, 644px\" \/><br \/>\nLa funzione di <strong>Calibrazione automatica del Segnale TVI<\/strong> permette la regolazione automatica dei parametri caratteristici del Segnale TVI gi\u00e0 dopo tre mesi dalla data d&#8217;impianto. In questo modo le funzioni correlate sono attivabili.<\/p>\n<h3>Confronto a lungo termine del Segnale TVI<\/h3>\n<p>Questa\u00a0funzione permette la comparazione tra Segnali TVI registrati in periodi temporali diversi per valutare la stabilit\u00e0 emodinamica nel lungo periodo.<br \/>\n<img loading=\"lazy\" decoding=\"async\" class=\"alignleft wp-image-3264 size-full\" title=\"confronto_lungo_termine\" src=\"https:\/\/medicoweb.com\/main\/wp-content\/uploads\/confronto_lungo_termine_ita.png\" alt=\"\" width=\"644\" height=\"457\" srcset=\"https:\/\/medicoweb.com\/main\/wp-content\/uploads\/confronto_lungo_termine_ita.png 644w, https:\/\/medicoweb.com\/main\/wp-content\/uploads\/confronto_lungo_termine_ita-300x213.png 300w\" sizes=\"auto, (max-width: 644px) 100vw, 644px\" \/><\/p>\n<h3 style=\"text-align: justify;\">Verifica Eiezione dopo Pacing Ventricolare<\/h3>\n<p style=\"text-align: justify;\">La funzione di <strong>Verifica Eiezione dopo Pacing Ventricolare <\/strong>verifica l\u2019efficacia dell\u2019impulso di stimolazione e, in caso di pacing inefficace, aumenta l\u2019energia per ripristinare una corretta stimolazione.<\/p>\n<p><img loading=\"lazy\" decoding=\"async\" class=\"alignleft size-full wp-image-2183\" title=\"verifica_eiezione_dopo_pacing\" src=\"https:\/\/medicoweb.com\/main\/wp-content\/uploads\/verifica_eiezione_dopo_pacing.jpg\" alt=\"\" width=\"644\" height=\"320\" srcset=\"https:\/\/medicoweb.com\/main\/wp-content\/uploads\/verifica_eiezione_dopo_pacing.jpg 644w, https:\/\/medicoweb.com\/main\/wp-content\/uploads\/verifica_eiezione_dopo_pacing-300x149.jpg 300w\" sizes=\"auto, (max-width: 644px) 100vw, 644px\" \/><br \/>\nSe l&#8217;atteso incremento di TVI non \u00e8 confermato dopo un impulso di stimolazione, si assume una mancata cattura ventricolare e viene aumentata l&#8217;energia dell&#8217;impulso.<br \/>\nIl pacemaker memorizza il numero di allarmi di mancata cattura e l&#8217;andamento dei parametri dell&#8217;impulso.<\/p>\n<h3 style=\"text-align: justify;\">Verifica Eiezione dopo Sensing Ventricolare<\/h3>\n<p style=\"text-align: justify;\">La funzione Verifica Eiezione Dopo Sensing Ventricolare garantisce una stimolazione di sicurezza in caso di oversensing.<\/p>\n<p><img loading=\"lazy\" decoding=\"async\" class=\"alignleft size-full wp-image-2185\" title=\"verifica_eiezione_dopo_sensing\" src=\"https:\/\/medicoweb.com\/main\/wp-content\/uploads\/verifica_eiezione_dopo_sensing.jpg\" alt=\"\" width=\"644\" height=\"320\" srcset=\"https:\/\/medicoweb.com\/main\/wp-content\/uploads\/verifica_eiezione_dopo_sensing.jpg 644w, https:\/\/medicoweb.com\/main\/wp-content\/uploads\/verifica_eiezione_dopo_sensing-300x149.jpg 300w\" sizes=\"auto, (max-width: 644px) 100vw, 644px\" \/><br \/>\nSe l&#8217;atteso incremento di TVI non \u00e8 registrato in una serie di 3 eventi di sensing ventricolare, qualsiasi modalit\u00e0 di pacing ventricolo-inibita viene convertita nella corrispondente modalit\u00e0 ventricolo-triggerata, al fine di garantire una stimolazione di sicurezza.<br \/>\nIl pacing ventricolare triggerato o inibito dal sensing si alternano ad ogni battito, in modo da ripristinare il funzionamento normale appena la funzione di sensing ritorna totalmante affidabile.<br \/>\nIl numero di allarmi di mancata eiezione dopo sensing ventricolare \u00e8 registrato nella memoria del pacemaker.<\/p>\n<h3>Algoritmo di minimizzazione del Pacing Ventricolare<\/h3>\n<p>La funzione di minimizzazione del Pacing Ventricolare promuove la conduzione Atrio-Ventricolare intrinseca tramite commutazione automatica da pacing bicamerale a pacing solo atriale.<br \/>\nPer evitare il pericolo di sistole atriale su valvole chiuse, il massimo PR intrinseco consentito si accorcia dinamicamente in base alla frequenza cardiaca.<br \/>\n<img loading=\"lazy\" decoding=\"async\" class=\"alignleft wp-image-3269 size-full\" src=\"https:\/\/medicoweb.com\/main\/wp-content\/uploads\/pr_consentito_ita.jpg\" alt=\"\" width=\"644\" height=\"474\" srcset=\"https:\/\/medicoweb.com\/main\/wp-content\/uploads\/pr_consentito_ita.jpg 644w, https:\/\/medicoweb.com\/main\/wp-content\/uploads\/pr_consentito_ita-300x221.jpg 300w\" sizes=\"auto, (max-width: 644px) 100vw, 644px\" \/><\/p>\n<p>L&#8217;effettiva presenza di attivit\u00e0 ventricolare pu\u00f2 essere ulteriormente verificata mediante la sorveglianza emodinamica basata sul segnale TVI.<br \/>\n<img loading=\"lazy\" decoding=\"async\" class=\"alignleft size-full wp-image-1769\" title=\"algoritmo_minimizzazione\" src=\"https:\/\/medicoweb.com\/main\/wp-content\/uploads\/algoritmo_minimizzazione.jpg\" alt=\"\" width=\"644\" height=\"320\" srcset=\"https:\/\/medicoweb.com\/main\/wp-content\/uploads\/algoritmo_minimizzazione.jpg 644w, https:\/\/medicoweb.com\/main\/wp-content\/uploads\/algoritmo_minimizzazione-300x149.jpg 300w\" sizes=\"auto, (max-width: 644px) 100vw, 644px\" \/><\/p>\n<h3 style=\"text-align: justify;\">Riconoscimento del tipo di catetere e della data di impianto<\/h3>\n<p style=\"text-align: justify;\">Il pacemaker \u00e8 in grado di riconoscere la polarit\u00e0 del catetere e memorizza la data di impianto.<\/p>\n<p>&nbsp;<\/p>\n<h3 style=\"text-align: justify;\">Commutazione automatica della polarit\u00e0 degli elettrocateteri<\/h3>\n<p style=\"text-align: justify;\">In caso di valori misurati di impedenza di catetere al di fuori del range di normalit\u00e0 il pacemaker commuta automaticamente la polarit\u00e0 di pacing e di sensing da bipolare a unipolare.<\/p>\n<hr \/>\n<p>&nbsp;<\/p>\n<p align=\"center\"><a href=\"#top\"><img loading=\"lazy\" decoding=\"async\" src=\"https:\/\/medicoweb.com\/main\/wp-content\/uploads\/torna_su.png\" alt=\"\" width=\"28\" height=\"28\" \/> Inizio<\/a><\/p>\n<p>&nbsp;<\/p>\n<p>&nbsp;<\/p>\n<p style=\"text-align: center;\"><span style=\"text-align: center; font-size: 16px;\"><a href=\"https:\/\/medicoweb.com\/main\/prodotti\/\"> <strong>Prodotti<\/strong><\/a> | <a title=\"Tecnologia\" href=\"https:\/\/medicoweb.com\/main\/tecnologia\/\"><strong>Tecnologia<\/strong><\/a> | <a title=\"Supporto\" href=\"https:\/\/medicoweb.com\/main\/supporto\/\"><strong>Supporto<\/strong><\/a> | <a title=\"Contatti\" href=\"https:\/\/medicoweb.com\/main\/contatti\/\"><strong>Contatti<\/strong><\/a><\/span><\/p>\n","protected":false},"excerpt":{"rendered":"<p>Funzioni Speciali: Calibrazione automatica del Segnale TVI La funzione di Calibrazione automatica del Segnale TVI permette la regolazione automatica dei parametri caratteristici del Segnale TVI gi\u00e0 dopo tre mesi dalla data d&#8217;impianto. In questo modo le funzioni correlate sono attivabili.&hellip; <\/p>\n","protected":false},"author":1,"featured_media":5038,"parent":0,"menu_order":0,"comment_status":"closed","ping_status":"closed","template":"","meta":{"footnotes":""},"class_list":["post-66","page","type-page","status-publish","has-post-thumbnail","hentry"],"yoast_head":"<!-- This site is optimized with the Yoast SEO plugin v24.0 - https:\/\/yoast.com\/wordpress\/plugins\/seo\/ -->\n<title>Funzioni speciali - MEDICO S.R.L.<\/title>\n<meta name=\"description\" content=\"Calibrazione automatica del Segnale TVI, Verifica Eiezione dopo Sensing Ventricolare, Riconoscimento del tipo di catetere e della data di impianto, Commutazione automatica della polarit\u00e0 degli elettrocateteri.\" \/>\n<meta name=\"robots\" content=\"index, follow, max-snippet:-1, max-image-preview:large, max-video-preview:-1\" \/>\n<link rel=\"canonical\" href=\"https:\/\/medicoweb.com\/main\/funzioni-speciali\/\" \/>\n<meta property=\"og:locale\" content=\"it_IT\" \/>\n<meta property=\"og:type\" content=\"article\" \/>\n<meta property=\"og:title\" content=\"Funzioni speciali - MEDICO S.R.L.\" \/>\n<meta property=\"og:description\" content=\"Calibrazione automatica del Segnale TVI, Verifica Eiezione dopo Sensing Ventricolare, Riconoscimento del tipo di catetere e della data di impianto, Commutazione automatica della polarit\u00e0 degli elettrocateteri.\" \/>\n<meta property=\"og:url\" content=\"https:\/\/medicoweb.com\/main\/funzioni-speciali\/\" \/>\n<meta property=\"og:site_name\" content=\"MEDICO S.R.L.\" \/>\n<meta property=\"article:publisher\" content=\"https:\/\/www.facebook.com\/MedicoSpa\/\" \/>\n<meta property=\"article:modified_time\" content=\"2020-02-19T11:56:26+00:00\" \/>\n<meta property=\"og:image\" content=\"https:\/\/medicoweb.com\/main\/wp-content\/uploads\/funzioni_speciali2.jpg\" \/>\n\t<meta property=\"og:image:width\" content=\"222\" \/>\n\t<meta property=\"og:image:height\" content=\"160\" \/>\n\t<meta property=\"og:image:type\" content=\"image\/jpeg\" \/>\n<meta name=\"twitter:card\" content=\"summary_large_image\" \/>\n<meta name=\"twitter:label1\" content=\"Tempo di lettura stimato\" \/>\n\t<meta name=\"twitter:data1\" content=\"2 minuti\" \/>\n<script type=\"application\/ld+json\" class=\"yoast-schema-graph\">{\"@context\":\"https:\/\/schema.org\",\"@graph\":[{\"@type\":\"WebPage\",\"@id\":\"https:\/\/medicoweb.com\/main\/funzioni-speciali\/\",\"url\":\"https:\/\/medicoweb.com\/main\/funzioni-speciali\/\",\"name\":\"Funzioni speciali - MEDICO S.R.L.\",\"isPartOf\":{\"@id\":\"https:\/\/medicoweb.com\/main\/#website\"},\"primaryImageOfPage\":{\"@id\":\"https:\/\/medicoweb.com\/main\/funzioni-speciali\/#primaryimage\"},\"image\":{\"@id\":\"https:\/\/medicoweb.com\/main\/funzioni-speciali\/#primaryimage\"},\"thumbnailUrl\":\"https:\/\/medicoweb.com\/main\/wp-content\/uploads\/funzioni_speciali2.jpg\",\"datePublished\":\"2011-12-21T12:02:26+00:00\",\"dateModified\":\"2020-02-19T11:56:26+00:00\",\"description\":\"Calibrazione automatica del Segnale TVI, Verifica Eiezione dopo Sensing Ventricolare, Riconoscimento del tipo di catetere e della data di impianto, Commutazione automatica della polarit\u00e0 degli elettrocateteri.\",\"breadcrumb\":{\"@id\":\"https:\/\/medicoweb.com\/main\/funzioni-speciali\/#breadcrumb\"},\"inLanguage\":\"it-IT\",\"potentialAction\":[{\"@type\":\"ReadAction\",\"target\":[\"https:\/\/medicoweb.com\/main\/funzioni-speciali\/\"]}]},{\"@type\":\"ImageObject\",\"inLanguage\":\"it-IT\",\"@id\":\"https:\/\/medicoweb.com\/main\/funzioni-speciali\/#primaryimage\",\"url\":\"https:\/\/medicoweb.com\/main\/wp-content\/uploads\/funzioni_speciali2.jpg\",\"contentUrl\":\"https:\/\/medicoweb.com\/main\/wp-content\/uploads\/funzioni_speciali2.jpg\",\"width\":222,\"height\":160},{\"@type\":\"BreadcrumbList\",\"@id\":\"https:\/\/medicoweb.com\/main\/funzioni-speciali\/#breadcrumb\",\"itemListElement\":[{\"@type\":\"ListItem\",\"position\":1,\"name\":\"Home\",\"item\":\"https:\/\/medicoweb.com\/main\/\"},{\"@type\":\"ListItem\",\"position\":2,\"name\":\"Funzioni speciali\"}]},{\"@type\":\"WebSite\",\"@id\":\"https:\/\/medicoweb.com\/main\/#website\",\"url\":\"https:\/\/medicoweb.com\/main\/\",\"name\":\"MEDICO S.p.A.\",\"description\":\"Italian Design For Life\",\"publisher\":{\"@id\":\"https:\/\/medicoweb.com\/main\/#organization\"},\"potentialAction\":[{\"@type\":\"SearchAction\",\"target\":{\"@type\":\"EntryPoint\",\"urlTemplate\":\"https:\/\/medicoweb.com\/main\/?s={search_term_string}\"},\"query-input\":{\"@type\":\"PropertyValueSpecification\",\"valueRequired\":true,\"valueName\":\"search_term_string\"}}],\"inLanguage\":\"it-IT\"},{\"@type\":\"Organization\",\"@id\":\"https:\/\/medicoweb.com\/main\/#organization\",\"name\":\"MEDICO S.p.A.\",\"url\":\"https:\/\/medicoweb.com\/main\/\",\"logo\":{\"@type\":\"ImageObject\",\"inLanguage\":\"it-IT\",\"@id\":\"https:\/\/medicoweb.com\/main\/#\/schema\/logo\/image\/\",\"url\":\"https:\/\/medicoweb.com\/main\/wp-content\/uploads\/logo_medico2016-1.png\",\"contentUrl\":\"https:\/\/medicoweb.com\/main\/wp-content\/uploads\/logo_medico2016-1.png\",\"width\":350,\"height\":84,\"caption\":\"MEDICO S.p.A.\"},\"image\":{\"@id\":\"https:\/\/medicoweb.com\/main\/#\/schema\/logo\/image\/\"},\"sameAs\":[\"https:\/\/www.facebook.com\/MedicoSpa\/\",\"https:\/\/it.linkedin.com\/company\/medico-s.p.a.\",\"https:\/\/www.youtube.com\/channel\/UCobmQUF5q8SwwMSZ00fA65g\"]}]}<\/script>\n<!-- \/ Yoast SEO plugin. -->","yoast_head_json":{"title":"Funzioni speciali - MEDICO S.R.L.","description":"Calibrazione automatica del Segnale TVI, Verifica Eiezione dopo Sensing Ventricolare, Riconoscimento del tipo di catetere e della data di impianto, Commutazione automatica della polarit\u00e0 degli elettrocateteri.","robots":{"index":"index","follow":"follow","max-snippet":"max-snippet:-1","max-image-preview":"max-image-preview:large","max-video-preview":"max-video-preview:-1"},"canonical":"https:\/\/medicoweb.com\/main\/funzioni-speciali\/","og_locale":"it_IT","og_type":"article","og_title":"Funzioni speciali - MEDICO S.R.L.","og_description":"Calibrazione automatica del Segnale TVI, Verifica Eiezione dopo Sensing Ventricolare, Riconoscimento del tipo di catetere e della data di impianto, Commutazione automatica della polarit\u00e0 degli elettrocateteri.","og_url":"https:\/\/medicoweb.com\/main\/funzioni-speciali\/","og_site_name":"MEDICO S.R.L.","article_publisher":"https:\/\/www.facebook.com\/MedicoSpa\/","article_modified_time":"2020-02-19T11:56:26+00:00","og_image":[{"width":222,"height":160,"url":"https:\/\/medicoweb.com\/main\/wp-content\/uploads\/funzioni_speciali2.jpg","type":"image\/jpeg"}],"twitter_card":"summary_large_image","twitter_misc":{"Tempo di lettura stimato":"2 minuti"},"schema":{"@context":"https:\/\/schema.org","@graph":[{"@type":"WebPage","@id":"https:\/\/medicoweb.com\/main\/funzioni-speciali\/","url":"https:\/\/medicoweb.com\/main\/funzioni-speciali\/","name":"Funzioni speciali - MEDICO S.R.L.","isPartOf":{"@id":"https:\/\/medicoweb.com\/main\/#website"},"primaryImageOfPage":{"@id":"https:\/\/medicoweb.com\/main\/funzioni-speciali\/#primaryimage"},"image":{"@id":"https:\/\/medicoweb.com\/main\/funzioni-speciali\/#primaryimage"},"thumbnailUrl":"https:\/\/medicoweb.com\/main\/wp-content\/uploads\/funzioni_speciali2.jpg","datePublished":"2011-12-21T12:02:26+00:00","dateModified":"2020-02-19T11:56:26+00:00","description":"Calibrazione automatica del Segnale TVI, Verifica Eiezione dopo Sensing Ventricolare, Riconoscimento del tipo di catetere e della data di impianto, Commutazione automatica della polarit\u00e0 degli elettrocateteri.","breadcrumb":{"@id":"https:\/\/medicoweb.com\/main\/funzioni-speciali\/#breadcrumb"},"inLanguage":"it-IT","potentialAction":[{"@type":"ReadAction","target":["https:\/\/medicoweb.com\/main\/funzioni-speciali\/"]}]},{"@type":"ImageObject","inLanguage":"it-IT","@id":"https:\/\/medicoweb.com\/main\/funzioni-speciali\/#primaryimage","url":"https:\/\/medicoweb.com\/main\/wp-content\/uploads\/funzioni_speciali2.jpg","contentUrl":"https:\/\/medicoweb.com\/main\/wp-content\/uploads\/funzioni_speciali2.jpg","width":222,"height":160},{"@type":"BreadcrumbList","@id":"https:\/\/medicoweb.com\/main\/funzioni-speciali\/#breadcrumb","itemListElement":[{"@type":"ListItem","position":1,"name":"Home","item":"https:\/\/medicoweb.com\/main\/"},{"@type":"ListItem","position":2,"name":"Funzioni speciali"}]},{"@type":"WebSite","@id":"https:\/\/medicoweb.com\/main\/#website","url":"https:\/\/medicoweb.com\/main\/","name":"MEDICO S.p.A.","description":"Italian Design For Life","publisher":{"@id":"https:\/\/medicoweb.com\/main\/#organization"},"potentialAction":[{"@type":"SearchAction","target":{"@type":"EntryPoint","urlTemplate":"https:\/\/medicoweb.com\/main\/?s={search_term_string}"},"query-input":{"@type":"PropertyValueSpecification","valueRequired":true,"valueName":"search_term_string"}}],"inLanguage":"it-IT"},{"@type":"Organization","@id":"https:\/\/medicoweb.com\/main\/#organization","name":"MEDICO S.p.A.","url":"https:\/\/medicoweb.com\/main\/","logo":{"@type":"ImageObject","inLanguage":"it-IT","@id":"https:\/\/medicoweb.com\/main\/#\/schema\/logo\/image\/","url":"https:\/\/medicoweb.com\/main\/wp-content\/uploads\/logo_medico2016-1.png","contentUrl":"https:\/\/medicoweb.com\/main\/wp-content\/uploads\/logo_medico2016-1.png","width":350,"height":84,"caption":"MEDICO S.p.A."},"image":{"@id":"https:\/\/medicoweb.com\/main\/#\/schema\/logo\/image\/"},"sameAs":["https:\/\/www.facebook.com\/MedicoSpa\/","https:\/\/it.linkedin.com\/company\/medico-s.p.a.","https:\/\/www.youtube.com\/channel\/UCobmQUF5q8SwwMSZ00fA65g"]}]}},"_links":{"self":[{"href":"https:\/\/medicoweb.com\/main\/wp-json\/wp\/v2\/pages\/66","targetHints":{"allow":["GET"]}}],"collection":[{"href":"https:\/\/medicoweb.com\/main\/wp-json\/wp\/v2\/pages"}],"about":[{"href":"https:\/\/medicoweb.com\/main\/wp-json\/wp\/v2\/types\/page"}],"author":[{"embeddable":true,"href":"https:\/\/medicoweb.com\/main\/wp-json\/wp\/v2\/users\/1"}],"replies":[{"embeddable":true,"href":"https:\/\/medicoweb.com\/main\/wp-json\/wp\/v2\/comments?post=66"}],"version-history":[{"count":1,"href":"https:\/\/medicoweb.com\/main\/wp-json\/wp\/v2\/pages\/66\/revisions"}],"predecessor-version":[{"id":6532,"href":"https:\/\/medicoweb.com\/main\/wp-json\/wp\/v2\/pages\/66\/revisions\/6532"}],"wp:featuredmedia":[{"embeddable":true,"href":"https:\/\/medicoweb.com\/main\/wp-json\/wp\/v2\/media\/5038"}],"wp:attachment":[{"href":"https:\/\/medicoweb.com\/main\/wp-json\/wp\/v2\/media?parent=66"}],"curies":[{"name":"wp","href":"https:\/\/api.w.org\/{rel}","templated":true}]}}